24*r - 21*r. Let c(g) = 2 - 10 - 6*g**2 - g**3 + r*g**3 - g - 4*g**3. Determine c(n).
-2
Let n(m) = -m**3 - 9*m**2 + m + 7. Let a(t) = -16*t - 46. Let p be a(-13). Let c = 153 - p. What is n(c)?
-2
Let h(t) = t**2 + 9*t + 5. Let k be 45/12*60/25. Let c(z) = z**3 - 5*z + 4. Let a be c(2). Suppose k = f - a*f. What is h(f)?
5
Let x(c) = -3 + 5 + 22 - 1 + 16*c + 20. Calculate x(-3).
-5
Let h(x) = 2*x - 32. Suppose 14*n - 10*n + 1592 = 4*u, 2*u - 793 = 5*n. Suppose 6*t - u = -297. Give h(t).
2
Let y be (-4 - -7)*-5*1*(-10)/(-15). Let w(g) be the second derivative of 2*g**3 + 0 + 4*g + 1/12*g**4 + 11/2*g**2. Calculate w(y).
-9
Let b = 4586 + -4586. Let u(m) be the third derivative of -m**5/60 + m**4/24 - 13*m**3/3 + 22*m**2. What is u(b)?
-26
Let b = -422 - -417. Let f(u) = u**3 + 6*u**2 + 18*u + 69. Determine f(b).
4
Suppose -4*o - 18*u + 40 = -22*u, 0 = 4*o + 3*u - 68. Let j(f) = 3*f**2 + 10*f - 1 - 5*f**2 + o*f - 27*f. Calculate j(-2).
-3
Let u(t) = 3*t**2 + 41*t + 61. Let a(m) = 2*m**2 + 28*m + 40. Let s(z) = -7*a(z) + 5*u(z). Determine s(-8).
17
Let x(s) = s - 11. Suppose -5*w - 4*z = -8*w + 191, 5*w - z = 341. Let g = w - 58. What is x(g)?
0
Suppose 4*q + 5*c - 16 = 0, -3*q - 3*c - 5 + 14 = 0. Let i(j) = -15*j. Let v be i(q). Let y(g) = 16*g**2 - 1 - v*g**2 + 1. What is y(0)?
0
Suppose 29*y + 280 - 9 = -19. Let v(d) = d**2 + 13*d + 15. What is v(y)?
-15
Let t = -1 + 13. Let g = -12 + 18. Suppose 3*s = s - 4*f - g, 0 = s - 3*f - t. Let p(m) = -m**2 + 3. Give p(s).
-6
Suppose -4*q - 196 = -2*u, -348 = -4*u + q - 4*q. Let k = 96 - u. Let d(j) = j**3 - 2 - 4*j**3 + 0*j**3 - 9*j + k*j**2 + 4*j**3. Calculate d(-7).
12
Let x(t) = 465*t**3 + 28*t**2 - 29*t**2 + 2 - 466*t**3. Let r(y) = 2*y. Let d be r(-3). Let u(v) = -v**2 - 5*v + 4. Let z be u(d). Determine x(z).
6
Let a = 239 + -237. Let z(o) = -4*o**2 + 13 + 6*o**2 + o - 4*o**2 + o**a. What is z(0)?
13
Let c(r) = -4*r**2 + 9*r**2 - 445*r - 3 + 430*r. Let p(i) = i**2 - i. Let x(h) = c(h) - 6*p(h). Suppose -4*a + 6*a = -14. What is x(a)?
11
Let m be -1 - (136/14)/(24/84). Let g = m + 38. Suppose -3 = 2*j + 7, -g*r - 3*j = 33. Let p(t) = -t**3 - 5*t**2 + 5*t + 6. What is p(r)?
12
Let p(x) be the first derivative of -x**2 - 34*x + 190. Let z(j) = -6*j - 97. Let a(w) = -17*p(w) + 6*z(w). Give a(-10).
16
Let g(t) = 8*t. Let n(h) = 9*h. Let z(o) = g(o) - 4*n(o). Give z(-1).
28
Let i(h) = 4*h + 13*h - 1 + 5*h - 10 + 23. Give i(5).
122
Let l(g) be the second derivative of 5*g**3/6 - 9*g**2/2 + 5*g + 164. What is l(-4)?
-29
Suppose 0*f = f - 4*l + 7, -15 = -5*l. Let s(v) = 2*v + 30 - 32 - f*v + v. Suppose b + b + 3*c = 13, 0 = 5*b + 5*c - 25. What is s(b)?
-6
Let f(u) = -5*u - 4. Suppose 116*t + 216 - 175 = -655. What is f(t)?
26
Suppose 0 = 44*f - 41*f - 15. Suppose -f*s = -39 + 9. Let v(k) = -k**3 + 6*k**2 + 8. Give v(s).
8
Let v(g) = 2*g + 2. Suppose 0*n = 5*n - 10. Suppose 5*d - 5*b = -175, -d + 2 = -n*b + 41. Let q = d + 26. Give v(q).
-8
Let o(l) = -l**3 - 6*l**2 + 8. Let g(a) = 997*a - 5989. Let f be g(6). Give o(f).
57
Let o(f) = -f**3 + 7*f**2 + 3*f - 22. Let n be (-5*2/6)/(12*(-55)/2772). What is o(n)?
-1
Suppose -m = 2*m - 6. Let d(w) = 0 - 4*w**2 + 2 + 2*w**m - 2*w. Suppose 4*b = j + 70, 2*b - 12 - 22 = 0. Determine d(j).
-2
Let t(h) = -60*h + 176. Let s be t(3). Let i(d) = d + 13. Determine i(s).
9
Suppose -569 - 777 = -241*m + 100. Let x(h) = 23*h + 23. What is x(m)?
161
Suppose -100*i = -30*i + 1260. Let s(g) = g**2 + 20*g + 40. Give s(i).
4
Let h = -1 + -4. Let p(a) = -10*a - 3. Let k(q) = q - 1. Let m(g) = -4*k(g) - p(g). Calculate m(h).
-23
Let i(o) be the first derivative of -o**3/3 + 21*o**2/2 - 46*o - 3819. Give i(18).
8
Let v(t) be the first derivative of t**4/4 - 7*t**3/3 - 7*t**2/2 - 4*t + 8614. Calculate v(6).
-82
Let r(k) = 42*k + 364. Suppose -43*w - 440 + 53 = 0. Give r(w).
-14
Let o(l) be the first derivative of l**5/60 - 3*l**4/8 + 5*l**3/6 - 2*l**2 - 7. Let b(a) be the second derivative of o(a). Suppose -5*u = -u - 24. What is b(u)?
-13
Let t(j) = -2*j - 3. Let o be ((-4)/(-10))/(-7 - (-212)/30). Let m be (-2)/(o/2 + 17/(-5)). What is t(m)?
-13
Let i(o) = 11*o + 227. Let z be (-3696)/189 + (-12)/27. Determine i(z).
7
Let t = 19987 + -19992. Let m(b) = b + 16. Give m(t).
11
Let c(v) = v**3 - 2*v**2 - 2*v - 11. Let r(o) = -17*o + 1142. Let b be r(67). Determine c(b).
-8
Let h(l) = -l**2 - 10*l - 24. Let p be h(-10). Let s(d) = -d - 28. Determine s(p).
-4
Let j(s) = -s**2 + 1. Let u(q) = -4*q**2 + 9*q + 16. Suppose 20*l = -58 - 2. Let g(v) = l*j(v) + u(v). Determine g(10).
3
Let u be (-312)/(-468) - ((-14)/3)/(-1). Let g(k) = -17*k + 3. Determine g(u).
71
Suppose 0 = -k - 3*a - 9, -12 = k + 7*a - 3*a. Let b(i) = 0*i**2 + k*i**2 - 5*i - 2*i - i**2. Give b(-5).
10
Suppose 4*u + 4 = 3*u. Let k(l) be the second derivative of l**4/12 - l**3/6 - l**2/2 - 9134*l + 2. Calculate k(u).
19
Let j = -6 + 6. Let r = j - -3. Suppose 3*b = -g - 3, b = -7*g + r*g - 23. Let z(s) = -s**3 - 5*s**2 + 6*s + 1. Give z(g).
1
Let a = 4670 + -4677. Let w(v) be the third derivative of v**6/720 + 7*v**5/120 - v**4/12 + 2*v**2. Let u(k) be the second derivative of w(k). Calculate u(a).
0
Let d be 2 + (8/(-2) - (0 - 6)). Suppose 6*f - 6 = d*u + 5*f, -13 = 3*u - 5*f. Let o(t) = -5*t**2 + 1. Determine o(u).
-4
Let o(u) = -4063 + 8186 - 4134 - 43*u + 42*u. Suppose 0*h - 25 = -4*x + h, 3*x = -3*h. Suppose 0 = -p - 15 + x. Calculate o(p).
-1
Let z be 2/11 - 3494/(-22) - -3. Let q(f) = -77*f**2 - 82*f**2 - 3*f + z*f**2 + 3. Give q(3).
21
Let z(o) = -2*o**3 + 8*o**2 + 5*o - 2. Let p be 8 + -3*(-2 - -3). What is z(p)?
-27
Suppose 291 - 3008 = -19*y. Let n = 143 - y. Let g(f) = -f**2 + 9. What is g(n)?
9
Let x = -20616 + 20627. Let d(j) = -j**2 - 3*j + 159. Give d(x).
5
Let r(v) = -3*v**2 + v - 1. Suppose -27 = -24*k + 69. Calculate r(k).
-45
Let j(x) = -x**2 - 5*x - 3. Let n be j(-4). Let a(k) = -16*k**2 + 8*k + 1. Let z(v) = -20*v**2 + 12*v + 1. Let h(p) = -3*a(p) + 2*z(p). Give h(n).
7
Suppose -14*m - 8805 = -8791. Let n(u) = 41*u**3 + 2*u**2 - u - 2. Calculate n(m).
-40
Suppose 131 = 2*h + 139. Let n(r) be the first derivative of 2*r**3/3 + 2*r**2 - 4*r - 1. Calculate n(h).
12
Let t(c) = 11*c**2 + 46*c - 107. Let m(q) = -8*q**2 - 31*q + 73. Let g(i) = 7*m(i) + 5*t(i). Determine g(11).
-2
Suppose 2*z = 4*f - 20, 6*f - 7*f = 5*z + 6. Let d = 5 + -3. Let x(b) = 3*b**3 + 0*b + 0*b + d. What is x(z)?
-22
Let j(r) be the first derivative of -r**3/3 - 8*r**2 + 2*r - 3792. Calculate j(-13).
41
Let v(a) = -a**2 + 13*a + 146. Let x(f) = f**2 - 13*f - 179. Let k(s) = 5*v(s) + 4*x(s). What is k(16)?
-34
Let x(i) = -4*i + 36. Let l be x(8). Suppose -5*j = -4*w + 4 + 14, -5*w + 18 = -l*j. Let c(n) = -5*n + 1 + 0*n + 3*n - 8*n + n**w. What is c(5)?
-24
Let g(r) = 25*r**2 + 16*r + 1. Let a(d) = 42*d**2 + 31*d + 3. Let i(p) = 3*a(p) - 5*g(p). Determine i(-15).
34
Let d(m) = 2*m**3 + 233*m - 475*m + 241*m + 1. Let b be (1 - 0 - 2) + (-11)/11. Determine d(b).
-13
Suppose 5*g = -5*i + 11 + 4, -5*i = -4*g - 24. Suppose b + 6 = 3*y, -i*b - b + 24 = 3*y. Let q(j) = 6*j**2 - 46 - 3*j + 45 + b*j. Calculate q(-1).
5
Let r(f) be the second derivative of -3*f**3 - 3*f**2 + 6*f + 46. Give r(3).
-60
Let l(u) = -41*u**2 + 33*u - 60. Let c(h) = -7*h**2 + h - 4. Let b(x) = -6*c(x) + l(x). Give b(-28).
-8
Suppose 31*w - 118*w - 21*w + 648 = 0. Let d(j) = -j**3 + 10*j**2 - 3*j + 10. Calculate d(w).
136
Let l(y) be the second derivative of 1/6*y**4 + 1/20*y**5 + 0 - 1/3*y**3 + 137*y + 0*y**2. Calculate l(-3).
-3
Let t(p) = 14*p + 1. Suppose -3*z + 16 + 11 = -3*n, -5*z - n + 39 = 0. Suppose 0 = -3*m - 6*l + z*l, 0 = 2*m - 5*l + 11. Determine t(m).
29
Suppose -26 = -12*h + 11*h. Suppose -5*o + h = 1. Suppose o*n = 5*x - 5, -4*n - 3*x - 2*x + 14 = 0. Let m(c) = 4*c**2 - c + 1. Calculate m(n).
4
Let a(r) be the first derivative of 5*r**2/2 - 13*r - 8. Let q(h) = 4*h - 13. Let z(f) = 3*a(f) - 4*q(f). Let u be z(13). Let c(y) = -y + 8. Give c(u).
8
Suppose 0 = -3*a + 2*w - 8, 9*w - 4*w + 25 = 0. Let c(s) = -5*s**2 - s - 6. Let y(d) = d**2 + d. Let m(r) = -c(r) - 6*y(r). Calculate m(a).
0
Let i(r) be the second derivative of 7*r**4/12 - r**3/3 - r**2 - r. Let w be i(-1). Let a(v) = -33*v + w*v + 14*v + v**2 + 16. Determine a(11).
5
Let s be (-32)/(-6)